{"version":"1.0","provider_name":"WhyNotWein","provider_url":"https:\/\/whynotwein.eu\/fr\/","author_name":"Ren\u00e9 Clausen","author_url":"https:\/\/whynotwein.eu\/fr\/author\/rene\/","title":"Visite aupr\u00e8s de me viticulteurs en Autriche 2011 - WhyNotWein","type":"rich","width":600,"height":338,"html":"<blockquote class=\"wp-embedded-content\" data-secret=\"VXLHps8z9p\"><a href=\"https:\/\/whynotwein.eu\/fr\/c42-fr-evenements\/2011\/05\/28\/besuch-meiner-winzer-in-oesterreich\/\">Visite aupr\u00e8s de me viticulteurs en Autriche 2011<\/a><\/blockquote><iframe sandbox=\"allow-scripts\" security=\"restricted\" src=\"https:\/\/whynotwein.eu\/fr\/c42-fr-evenements\/2011\/05\/28\/besuch-meiner-winzer-in-oesterreich\/embed\/#?secret=VXLHps8z9p\" width=\"600\" height=\"338\" title=\"&#8220;Visite aupr\u00e8s de me viticulteurs en Autriche 2011&#8221; &#8212; WhyNotWein\" data-secret=\"VXLHps8z9p\" frameborder=\"0\" marginwidth=\"0\" marginheight=\"0\" scrolling=\"no\" class=\"wp-embedded-content\"><\/iframe><script>\n\/*! This file is auto-generated *\/\n!function(d,l){\"use strict\";l.querySelector&&d.addEventListener&&\"undefined\"!=typeof URL&&(d.wp=d.wp||{},d.wp.receiveEmbedMessage||(d.wp.receiveEmbedMessage=function(e){var t=e.data;if((t||t.secret||t.message||t.value)&&!\/[^a-zA-Z0-9]\/.test(t.secret)){for(var s,r,n,a=l.querySelectorAll('iframe[data-secret=\"'+t.secret+'\"]'),o=l.querySelectorAll('blockquote[data-secret=\"'+t.secret+'\"]'),c=new RegExp(\"^https?:$\",\"i\"),i=0;i<o.length;i++)o[i].style.display=\"none\";for(i=0;i<a.length;i++)s=a[i],e.source===s.contentWindow&&(s.removeAttribute(\"style\"),\"height\"===t.message?(1e3<(r=parseInt(t.value,10))?r=1e3:~~r<200&&(r=200),s.height=r):\"link\"===t.message&&(r=new URL(s.getAttribute(\"src\")),n=new URL(t.value),c.test(n.protocol))&&n.host===r.host&&l.activeElement===s&&(d.top.location.href=t.value))}},d.addEventListener(\"message\",d.wp.receiveEmbedMessage,!1),l.addEventListener(\"DOMContentLoaded\",function(){for(var e,t,s=l.querySelectorAll(\"iframe.wp-embedded-content\"),r=0;r<s.length;r++)(t=(e=s[r]).getAttribute(\"data-secret\"))||(t=Math.random().toString(36).substring(2,12),e.src+=\"#?secret=\"+t,e.setAttribute(\"data-secret\",t)),e.contentWindow.postMessage({message:\"ready\",secret:t},\"*\")},!1)))}(window,document);\n\/\/# sourceURL=https:\/\/whynotwein.eu\/wp-includes\/js\/wp-embed.min.js\n<\/script>\n","thumbnail_url":"https:\/\/whynotwein.eu\/wp-content\/uploads\/2011\/05\/IMG_6721.jpg","thumbnail_width":1600,"thumbnail_height":1200,"description":"De la Wachau jusqu\u00b4au Kremstal, en traversant le Weinviertel pour arriver \u00e0 Vienne et enfin pour cl\u00f4turer au Burgenland\u2026 voil\u00e0 la traj\u00e9ctoire de ma route de vin cette ann\u00e9e. Les viticulteurs se trouvant d\u00e9j\u00e0 dans mon assortiment comme HOLZAPFEL, MALAT, CHRIST, LENTSCH, STIEGELMAR mais \u00e9galement des nouveaux producteurs comme les maisons SCHEIBLHOFER et SEYMANN m\u00b4ont [&hellip;]"}

René Clausen

Visite auprès de me viticulteurs en Autriche 2011 - WhyNotWein

<blockquote class="wp-embedded-content" data-secret="VXLHps8z9p"><a href="https://whynotwein.eu/fr/c42-fr-evenements/2011/05/28/besuch-meiner-winzer-in-oesterreich/">Visite auprès de me viticulteurs en Autriche 2011</a></blockquote><iframe sandbox="allow-scripts" security="restricted" src="https://whynotwein.eu/fr/c42-fr-evenements/2011/05/28/besuch-meiner-winzer-in-oesterreich/embed/#?secret=VXLHps8z9p" width="600" height="338" title="&#8220;Visite auprès de me viticulteurs en Autriche 2011&#8221; &#8212; WhyNotWein" data-secret="VXLHps8z9p" frameborder="0" marginwidth="0" marginheight="0" scrolling="no" class="wp-embedded-content"></iframe><script>
/*! This file is auto-generated */
!function(d,l){"use strict";l.querySelector&&d.addEventListener&&"undefined"!=typeof URL&&(d.wp=d.wp||{},d.wp.receiveEmbedMessage||(d.wp.receiveEmbedMessage=function(e){var t=e.data;if((t||t.secret||t.message||t.value)&&!/[^a-zA-Z0-9]/.test(t.secret)){for(var s,r,n,a=l.querySelectorAll('iframe[data-secret="'+t.secret+'"]'),o=l.querySelectorAll('blockquote[data-secret="'+t.secret+'"]'),c=new RegExp("^https?:$","i"),i=0;i<o.length;i++)o[i].style.display="none";for(i=0;i<a.length;i++)s=a[i],e.source===s.contentWindow&&(s.removeAttribute("style"),"height"===t.message?(1e3<(r=parseInt(t.value,10))?r=1e3:~~r<200&&(r=200),s.height=r):"link"===t.message&&(r=new URL(s.getAttribute("src")),n=new URL(t.value),c.test(n.protocol))&&n.host===r.host&&l.activeElement===s&&(d.top.location.href=t.value))}},d.addEventListener("message",d.wp.receiveEmbedMessage,!1),l.addEventListener("DOMContentLoaded",function(){for(var e,t,s=l.querySelectorAll("iframe.wp-embedded-content"),r=0;r<s.length;r++)(t=(e=s[r]).getAttribute("data-secret"))||(t=Math.random().toString(36).substring(2,12),e.src+="#?secret="+t,e.setAttribute("data-secret",t)),e.contentWindow.postMessage({message:"ready",secret:t},"*")},!1)))}(window,document);
//# sourceURL=https://whynotwein.eu/wp-includes/js/wp-embed.min.js
</script>

De la Wachau jusqu´au Kremstal, en traversant le Weinviertel pour arriver à Vienne et enfin pour clôturer au Burgenland… voilà la trajéctoire de ma route de vin cette année. Les viticulteurs se trouvant déjà dans mon assortiment comme HOLZAPFEL, MALAT, CHRIST, LENTSCH, STIEGELMAR mais également des nouveaux producteurs comme les maisons SCHEIBLHOFER et SEYMANN m´ont [&hellip;]
